{"id":304,"date":"2025-09-10T21:10:35","date_gmt":"2025-09-11T01:10:35","guid":{"rendered":"https:\/\/grupoecoanarquista.noblogs.org\/?page_id=304"},"modified":"2025-09-20T08:34:26","modified_gmt":"2025-09-20T12:34:26","slug":"si-te-obligan-a-votar-anula","status":"publish","type":"page","link":"https:\/\/grupoecoanarquista.noblogs.org\/?page_id=304","title":{"rendered":"NO VOTAR \u00a1ANULAR!"},"content":{"rendered":"<div class=\"wp-block-image\">\n<figure class=\"alignright size-full\"><img loading=\"lazy\" decoding=\"async\" width=\"431\" height=\"647\" src=\"https:\/\/grupoecoanarquista.noblogs.org\/files\/2025\/09\/Captura-2.png\" alt=\"\" class=\"wp-image-326\" srcset=\"https:\/\/grupoecoanarquista.noblogs.org\/files\/2025\/09\/Captura-2.png 431w, https:\/\/grupoecoanarquista.noblogs.org\/files\/2025\/09\/Captura-2-200x300.png 200w\" sizes=\"auto, (max-width: 431px) 100vw, 431px\" \/><\/figure>\n<\/div>\n\n\n<p>La reimposici\u00f3n del voto obligatorio en Chile en 2022 fue una burda maniobra para arrastrar al pueblo a las urnas, forz\u00e1ndolo a participar en un circo que solo sirve a los intereses de la clase dominante.<\/p>\n\n\n\n<p>Hoy, el parlamento, ese nido de arribistas y representantes del capital, ha sancionado una nueva ley que aumenta el castigo ante la negativa a validar la farsa electoral.<\/p>\n\n\n\n<p>Con multas que pueden llegar a los 210.000 pesos chilenos (unos 220 d\u00f3lares estadounidenses), estas sanciones son un claro ejemplo de la violencia econ\u00f3mica ejercida por el Estado contra el proletariado, porque en caso de no pagar, siempre queda a los jueces la condena en prisi\u00f3n, confirmando que esta es una sanci\u00f3n que al final solo pagan los pobres.<\/p>\n\n\n\n<p>Desde una perspectiva ecoanarquista, afirmamos que la verdadera transformaci\u00f3n no reside en las urnas ni en los despachos del gobierno o el congreso. El camino hacia la libertad y la justicia social pasa por la acci\u00f3n directa, la autoorganizaci\u00f3n del proletariado y la construcci\u00f3n de autogesti\u00f3n desde abajo, al margen del Estado y del Capital.<\/p>\n\n\n\n<p>El voto obligatorio no es un derecho, sino una imposici\u00f3n que busca canalizar la rabia y el descontento popular hacia mecanismos ineficaces solo para que nada cambie.<\/p>\n\n\n\n<p>Nuestra lucha es por la abolici\u00f3n de toda forma de dominaci\u00f3n, por una sociedad sin clases ni Estado, donde la solidaridad y el apoyo mutuo reemplacen la farsa electoral y la tiran\u00eda del voto.<\/p>\n\n\n\n<h2 class=\"wp-block-heading has-text-align-center\">\u00a1POR UNA SOCIEDAD ECOL\u00d3GICA Y LIBERTARIA!<\/h2>\n\n\n\n<h2 class=\"wp-block-heading has-text-align-center\">GRUPO ECOANARQUISTA &#8211; GEA<\/h2>\n\n\n\n<p><\/p>\n","protected":false},"excerpt":{"rendered":"<p>La reimposici\u00f3n del voto obligatorio en Chile en 2022 fue una burda maniobra para arrastrar al pueblo a las urnas, forz\u00e1ndolo a participar en un circo que solo sirve a los intereses de la clase dominante. Hoy, el parlamento, ese nido de arribistas y representantes del capital, ha sancionado una nueva ley que aumenta el [&hellip;]<\/p>\n","protected":false},"author":21187,"featured_media":0,"parent":338,"menu_order":0,"comment_status":"closed","ping_status":"closed","template":"","meta":{"footnotes":""},"class_list":["post-304","page","type-page","status-publish","hentry"],"_links":{"self":[{"href":"https:\/\/grupoecoanarquista.noblogs.org\/index.php?rest_route=\/wp\/v2\/pages\/304","targetHints":{"allow":["GET"]}}],"collection":[{"href":"https:\/\/grupoecoanarquista.noblogs.org\/index.php?rest_route=\/wp\/v2\/pages"}],"about":[{"href":"https:\/\/grupoecoanarquista.noblogs.org\/index.php?rest_route=\/wp\/v2\/types\/page"}],"author":[{"embeddable":true,"href":"https:\/\/grupoecoanarquista.noblogs.org\/index.php?rest_route=\/wp\/v2\/users\/21187"}],"replies":[{"embeddable":true,"href":"https:\/\/grupoecoanarquista.noblogs.org\/index.php?rest_route=%2Fwp%2Fv2%2Fcomments&post=304"}],"version-history":[{"count":10,"href":"https:\/\/grupoecoanarquista.noblogs.org\/index.php?rest_route=\/wp\/v2\/pages\/304\/revisions"}],"predecessor-version":[{"id":327,"href":"https:\/\/grupoecoanarquista.noblogs.org\/index.php?rest_route=\/wp\/v2\/pages\/304\/revisions\/327"}],"up":[{"embeddable":true,"href":"https:\/\/grupoecoanarquista.noblogs.org\/index.php?rest_route=\/wp\/v2\/pages\/338"}],"wp:attachment":[{"href":"https:\/\/grupoecoanarquista.noblogs.org\/index.php?rest_route=%2Fwp%2Fv2%2Fmedia&parent=304"}],"curies":[{"name":"wp","href":"https:\/\/api.w.org\/{rel}","templated":true}]}}