{"id":184,"date":"2025-08-30T20:47:04","date_gmt":"2025-08-31T00:47:04","guid":{"rendered":"https:\/\/grupoecoanarquista.noblogs.org\/?page_id=184"},"modified":"2025-09-27T16:14:51","modified_gmt":"2025-09-27T20:14:51","slug":"30-horas-semanales-sin-reduccion-salarial","status":"publish","type":"page","link":"https:\/\/grupoecoanarquista.noblogs.org\/?page_id=184","title":{"rendered":"JORNADA DE 32 HORAS SEMANALES"},"content":{"rendered":"\n<figure class=\"wp-block-image size-full\"><img loading=\"lazy\" decoding=\"async\" width=\"970\" height=\"904\" src=\"https:\/\/grupoecoanarquista.noblogs.org\/files\/2025\/09\/Sin-titulo.png\" alt=\"\" class=\"wp-image-408\" srcset=\"https:\/\/grupoecoanarquista.noblogs.org\/files\/2025\/09\/Sin-titulo.png 970w, https:\/\/grupoecoanarquista.noblogs.org\/files\/2025\/09\/Sin-titulo-300x280.png 300w, https:\/\/grupoecoanarquista.noblogs.org\/files\/2025\/09\/Sin-titulo-768x716.png 768w\" sizes=\"auto, (max-width: 970px) 100vw, 970px\" \/><\/figure>\n\n\n\n<p>La jornada de 40 horas semanales que ya se ha implementando en Canad\u00e1, Chile y Ecuador, y en varios pa\u00edses de Europa como Espa\u00f1a, Italia, Polonia, Austria, Finlandia, Grecia, Hungr\u00eda, Islandia, Nueva Zelanda, Noruega, Portugal, Rep\u00fablica Checa, y Suecia, demuestra que una reducci\u00f3n en la jornada laboral es perfectamente viable.<\/p>\n\n\n\n<p>Hoy en d\u00eda, en pleno siglo XXI, con un sistema laboral mundial con el mayor rendimiento productivo de la historia de la humanidad, la idea de apostar por las 32 horas semanales puede ser una realidad perfectamente aplicable, como lo ratifican diversos estudios econ\u00f3micos, y como ya es un hecho en Holanda.<\/p>\n\n\n\n<p>La reducci\u00f3n en la jornada laboral, sumada a la limitaci\u00f3n efectiva de horas extras y la reducci\u00f3n de la edad de jubilaci\u00f3n, permitir\u00eda la creaci\u00f3n inmediata de cientos de miles de puestos de trabajo.<\/p>\n\n\n\n<p>Por todo ello, contra la cesant\u00eda, la precarizaci\u00f3n y el descenso de la calidad de vida de las trabajadoras y trabajadores, desde el GEA nos organizamos y luchamos por nuestros derechos.<\/p>\n\n\n\n<h2 class=\"wp-block-heading has-text-align-center\"><strong>\u00a1Por las 32 horas semanales, sin reducci\u00f3n salarial!<\/strong><\/h2>\n\n\n\n<h2 class=\"wp-block-heading has-text-align-center\">\u00a1<strong>Por el reparto del trabajo y de la riqueza!<\/strong><\/h2>\n\n\n\n<h2 class=\"wp-block-heading has-text-align-center\">Grupo EcoAnarquista &#8211; GEA<\/h2>\n","protected":false},"excerpt":{"rendered":"<p>La jornada de 40 horas semanales que ya se ha implementando en Canad\u00e1, Chile y Ecuador, y en varios pa\u00edses de Europa como Espa\u00f1a, Italia, Polonia, Austria, Finlandia, Grecia, Hungr\u00eda, Islandia, Nueva Zelanda, Noruega, Portugal, Rep\u00fablica Checa, y Suecia, demuestra que una reducci\u00f3n en la jornada laboral es perfectamente viable. Hoy en d\u00eda, en pleno [&hellip;]<\/p>\n","protected":false},"author":21187,"featured_media":0,"parent":338,"menu_order":0,"comment_status":"closed","ping_status":"closed","template":"","meta":{"footnotes":""},"class_list":["post-184","page","type-page","status-publish","hentry"],"_links":{"self":[{"href":"https:\/\/grupoecoanarquista.noblogs.org\/index.php?rest_route=\/wp\/v2\/pages\/184","targetHints":{"allow":["GET"]}}],"collection":[{"href":"https:\/\/grupoecoanarquista.noblogs.org\/index.php?rest_route=\/wp\/v2\/pages"}],"about":[{"href":"https:\/\/grupoecoanarquista.noblogs.org\/index.php?rest_route=\/wp\/v2\/types\/page"}],"author":[{"embeddable":true,"href":"https:\/\/grupoecoanarquista.noblogs.org\/index.php?rest_route=\/wp\/v2\/users\/21187"}],"replies":[{"embeddable":true,"href":"https:\/\/grupoecoanarquista.noblogs.org\/index.php?rest_route=%2Fwp%2Fv2%2Fcomments&post=184"}],"version-history":[{"count":12,"href":"https:\/\/grupoecoanarquista.noblogs.org\/index.php?rest_route=\/wp\/v2\/pages\/184\/revisions"}],"predecessor-version":[{"id":409,"href":"https:\/\/grupoecoanarquista.noblogs.org\/index.php?rest_route=\/wp\/v2\/pages\/184\/revisions\/409"}],"up":[{"embeddable":true,"href":"https:\/\/grupoecoanarquista.noblogs.org\/index.php?rest_route=\/wp\/v2\/pages\/338"}],"wp:attachment":[{"href":"https:\/\/grupoecoanarquista.noblogs.org\/index.php?rest_route=%2Fwp%2Fv2%2Fmedia&parent=184"}],"curies":[{"name":"wp","href":"https:\/\/api.w.org\/{rel}","templated":true}]}}